 = -513 + 876. What is the units digit of o?
3
Let q(k) = k**2 + k - 10. Let g(t) = -t**3 - 13*t**2 + 4. Let m be g(-13). Let p be (-1)/m + 279/(-36). What is the tens digit of q(p)?
4
What is the units digit of 76/(-608) + 3634/16?
7
Let r be 4/(-10) + (5 - 3888/30). Let j = -31 - r. What is the units digit of j?
4
Suppose 255 = j + f - 127, 4*j - 1531 = -3*f. What is the hundreds digit of j?
3
Suppose 4*t - 23*d - 1096 = -20*d, 0 = -4*t - 4*d + 1096. What is the hundreds digit of t?
2
Let j(t) = -t**3 + 8*t**2 - 5*t - 3. Suppose y + 3 - 29 = 0. Let d = y + -23. What is the units digit of j(d)?
7
What is the tens digit of 2280/9 - -1*(-4)/12?
5
Suppose -25*n = 3*n - 532. What is the units digit of n?
9
What is the tens digit of 539 - (-18)/12*4?
4
Suppose 2*x - 252 = -x. Suppose 0*j - x = -2*j. What is the tens digit of j?
4
Let b(s) = s**2 + 1. Let p(m) = 24*m**3 + 7*m**2 - m + 6. Let j(w) = -6*b(w) + p(w). What is the units digit of j(1)?
4
Suppose -3*k = k - 20. Suppose k*c = -0*c - 10. What is the units digit of -1 + 35 - (-6)/c?
1
Let q = 12 - -38. Let j = q + 56. What is the tens digit of j?
0
Let k be 20/(-2)*40/(-100). Suppose -k*u = 78 - 278. What is the units digit of u?
0
Let z(k) = 3*k + 13*k - 3*k - 2. Let j be z(1). Let c(o) = 4*o + 9. What is the tens digit of c(j)?
5
What is the units digit of (-4)/14 - (-16379)/(-154)*-26?
5
Let a(j) = j**3 - 34*j**2 - 59*j - 16. What is the hundreds digit of a(36)?
4
Suppose -9*w = -1922 - 139. Suppose -2*d = x + 3*d - w, 4*d + 4 = 0. What is the hundreds digit of x?
2
Let y = -2822 + 5620. What is the units digit of y?
8
Suppose -3*h = 4*y - 384, 5*y - 176 = 2*h + 304. What is the units digit of y?
6
Let t(r) be the first derivative of r**3/3 + 5*r**2/2 - 18*r - 2. What is the tens digit of t(-13)?
8
Suppose k - 515 + 3196 = 4*i, 3*i + k - 2009 = 0. What is the tens digit of i?
7
Let d = 21 - 10. Suppose d*p - 537 = 1168. What is the hundreds digit of p?
1
Let s = 3 + 2. Suppose 4*i = -0*q - q + 74, s*q - 2*i - 458 = 0. What is the units digit of q?
0
Let c = 9 - 2. Let g(r) be the second derivative of r**4/12 - 5*r**3/6 + 5*r**2 + 44*r. What is the tens digit of g(c)?
2
Let w(i) = i**3 + 9*i**2 + 7*i - 4. Let n be w(-8). Suppose f + 1 = 3. Suppose -f*m + 78 = 3*t + m, 0 = -n*t - m + 98. What is the units digit of t?
4
What is the hundreds digit of (16/1)/(-16) + 4391/1?
3
Let h(i) = -2*i. Let v be h(8). Let t = 10 + v. What is the tens digit of (-316)/(-24) + 1/t?
1
Let v(w) = 5*w**2 + 8*w + 11. Let h be v(-2). Suppose h + 36 = a. What is the tens digit of a?
5
Let j be -1 - (14/(-21))/((-2)/57). Let m(a) = -a**3 + 9*a**2 + 12*a + 3. Let u be m(10). Let o = j + u. What is the units digit of o?
3
Let k(d) = d**2 + 26*d + 10. Let v(l) = -2*l**2 - 51*l - 19. Let m(g) = -11*k(g) - 6*v(g). What is the units digit of m(-21)?
5
Let p(y) = y**3 + 5*y**2 + 6. Let c be p(6). Suppose 0 = -z - 2*z + c. What is the tens digit of z?
3
Suppose -o - 2*o - d = 11, 0 = 2*o + 3*d + 19. What is the tens digit of 1196/28 - o/7?
4
Let g(x) = -x**2 + 10*x - 8. Let d be g(9). What is the units digit of (-9 - -9) + 13*d?
3
Let f be (8/5)/((-33)/15 + 2). Let c(g) = g**2 + 6*g + 10. What is the tens digit of c(f)?
2
Let l(z) = -z**3 - 14*z**2 + 24*z + 16. Let j be l(-16). Let y = -69 + j. What is the tens digit of y?
7
Let o = -29 - -34. Suppose -o*k + 215 = -85. What is the units digit of k?
0
Let h be -2*147/6 + -3. Let t = -31 - h. Suppose -d + t + 30 = 0. What is the units digit of d?
1
Let q(u) = 4*u - 15. Let o be q(5). Suppose 5*m - 2*t - 21 = 5, -11 = m + o*t. Suppose 0*b = m*b - 36. What is the units digit of b?
9
Let g be (-5*10/25)/(2/(-899)). Suppose 179 = -9*n + g. What is the units digit of n?
0
Let u = 52 + -23. Let f = -66 + u. Let m = f + 69. What is the tens digit of m?
3
Suppose 0 = -2*n - 5*c + 30, n = 4*c + 36 - 8. Suppose -m = 3*p - 16 + 6, p = -5*m - n. What is the units digit of (4/p)/((-6)/(-195))?
6
Let u be -21*(-8)/12 + 6/(-2). What is the tens digit of (0 + 61)/(u - 10)?
6
Suppose -r = r + 172. Let k = -40 - r. What is the tens digit of k?
4
Let o be (-30)/(-2)*(-6)/(-10). Let s = 29 - o. Suppose 22 = 3*v - s. What is the units digit of v?
4
Suppose 56 = 2*k - 72. What is the tens digit of k?
6
Suppose 20*c + 61530 = 50*c. What is the thousands digit of c?
2
Let h(p) = p**3 + 11*p**2 + 6*p - 6. Let q be h(-8). Suppose 0 = -a + 4*a + w + 406, q = -a + w. What is the units digit of (-9)/(-6)*a/(-12)?
7
What is the tens digit of ((-76)/16 - -5) + 2719/4?
8
Let n = -1700 - -2398. What is the units digit of n?
8
Let c be (-75)/(-100) - 13/(-4). What is the tens digit of 0 + 2 + 208/c?
5
Let a(u) = u**2 - 38*u - 110. What is the hundreds digit of a(-24)?
3
Let n be (2 - (1 - -533)/(-2)) + 2. Suppose -3*z + n = y, z = 4*y + 32 + 41. What is the units digit of z?
9
Suppose -91*u + 81*u = -6330. What is the hundreds digit of u?
6
Let s(m) = 5*m**3 - m**2. Let b be s(1). Suppose b*d - 2*d = 116. What is the units digit of d?
8
Let s = -347 + 408. What is the tens digit of s?
6
Suppose -y + 80 = 3*y. Suppose 0 = -6*g + g - y. What is the tens digit of 39/g*(-64)/12?
5
Let i = 539 + 679. What is the thousands digit of i?
1
What is the thousands digit of 3*30/45*(1 + 1853)?
3
Let x(w) = -21*w + 5. Let k be x(-1). What is the tens digit of k/65 - 108/(-5)?
2
Let y(j) be the third derivative of -j**4/24 + j**3 + 3*j**2. Let s be y(6). Suppose 0*o - 4*o + 12 = s. What is the units digit of o?
3
Let k be ((-72)/(-10))/(20/50). Let r = k - 10. Suppose -3*i + 147 = 2*l, 2*l - 3*i = -r*i + 141. What is the units digit of l?
8
Suppose -4*f - 4*v - 772 = 0, -3*v + 583 = -3*f - 2*v. Let g = 359 + f. What is the hundreds digit of g?
1
Let d = 41 - -20. Suppose -r + d = 8. What is the units digit of r?
3
Let f be (3 + (3 - 5))*2. Suppose f*l - 77 = -551. What is the tens digit of 5/35 + l/(-7)?
3
Let v(r) = -r**3 + 25*r**2 - 24*r + 10. Let n be v(24). Suppose 3*q - 30 - n = -d, -4*d + 184 = 4*q. What is the tens digit of d?
4
Let v(o) = -43*o - 1. Let d = -3 - -1. What is the tens digit of v(d)?
8
Let y(h) = 6*h + 19 - 17*h + 13*h + 1. What is the units digit of y(7)?
4
Let n = 0 - 0. Suppose 4*o + o + 3*a - 41 = n, a + 5 = o. What is the units digit of o?
7
Let w(u) = -u**2 + 5*u + 12. Let y be w(9). Let p = 14 + y. What is the units digit of (-10)/(-3)*(-84)/p?
8
Let f = 398 + -172. What is the tens digit of f?
2
Let z(r) = 2*r**2 - 5*r - 3. Let n be z(-4). Suppose -b = 5*u - n, -u = -5*b - 3*u + 268. What is the units digit of b?
4
Let k = 127 - 195. What is the tens digit of (k/6)/(4/(-42))*1?
1
Let d = 56 + -4. Let h = 174 + -447. What is the tens digit of (h/d)/(6/(-16))?
1
Suppose y - 10 = 6*y. Let t = y + 12. Suppose -2*b - 72 = -7*b + 4*v, -5*v = -t. What is the units digit of b?
6
Let u(h) = -2*h**2 - 6*h + 6. Suppose -5*s - p - 16 = 5, -4*s - 16 = p. Let r be u(s). What is the units digit of r/(-6)*3 + 2?
9
Let j(b) = 2*b**2 + 25*b - 102. What is the units digit of j(7)?
1
Let b(u) = 58*u + 33. Let g be b(3). What is the tens digit of g - (-1 + 4/(-2))?
1
Let w(x) = -x**2 - 9*x - 11. Let j(l) = 2*l + 10. Let i be j(-9). Let z be w(i). What is the units digit of ((-6)/z)/((-6)/(-81))?
7
Let v(g) = g + 13. Suppose -c + s + 2 = -s, 4*c + 2 = -2*s. Let l be c/((-4)/(-8)*-4). What is the units digit of v(l)?
3
Let s be (-2 + 1)/(((-20)/12)/(-5)). What is the units digit of 69/((s/(-6))/(-1) - -2)?
6
Suppose -81 = -2*b + 4*p - 17, -2*p = 4*b - 168. Suppose 23*x - 18*x - b = 0. Let y(h) = 3*h - 17. What is the units digit of y(x)?
7
Suppose -3*f - 14 = -5. Let g = 17 - f. Suppose -4*z = 3*j - 7, -5*z = -j + 6*j - g. What is the units digit of j?
9
Let r(j) = j**3 - 5*j**2 + 3*j - 2. Suppose -f + 0*f + 4 = 0. Let u be r(f). What is the units digit of ((-1)/3)/(2/u)?
1
Suppose 20 = -14*i + 19*i. Suppose a - 366 = -3*p + i*a, -4*p + 458 = 2*a. What is the tens digit of p?
1
Let o = 16148 + -9712. What is the thousands digit of o?
6
Let f(w) = -w**3 + 2*w + 1. Let i be -2 + 2 + 1 - -1. Suppose -3*d - 3 = -i*d. What is the tens digit of f(d)?
2
What is the hundreds digit of -8635*1/(-8) + 51/(-136)?
0
What is the hundreds digit of 270 + (3/(-2))/((-3)/4)?
2
Suppose -5*u = -h - 179, -4*u = -3*h - 2*u - 524. L